y d(p).
16
Let i = -5 - -8. Let q be 7 - (6/i - 1). Suppose 0 = -q*k + k + 70. Calculate the remainder when 41 is divided by k.
13
Let z(p) = 38*p - 7. Let w(f) = -115*f + 20. Let h(v) = 6*w(v) + 17*z(v). What is the remainder when h(-1) is divided by (-32)/144*(-100 + -8)?
21
Let p(y) = -y - 5. Let q be p(9). Let d = -11 - q. Suppose d*l - 69 = 3*r, -5*l + 2*r - 14 + 129 = 0. Calculate the remainder when 89 is divided by l.
20
Let x(o) = -4*o - 11. Let q be x(-11). Let n = -28 + q. Suppose n*a = -10, -105 = -3*r + a - 43. What is the remainder when r is divided by 6?
2
Let r = -60 - -154. Calculate the remainder when r is divided by (-57)/(-5) - (-30)/50.
10
Suppose 18*r - 67 = 365. What is the remainder when 189 is divided by r?
21
What is the remainder when 1*5/20*1076 is divided by 18?
17
Suppose j - 4 = -26. Let b(n) = -2*n**2 - 44*n + 20. Calculate the remainder when 158 is divided by b(j).
18
Suppose -3*c - 4*g = 76, 0 = 2*c - 3*c + 4*g - 4. What is the remainder when (85/c)/((-2)/8) is divided by 6?
5
Suppose 4*q = -30 + 14. What is the remainder when 37/(q - -5) + -2 is divided by 19?
16
Let y(t) = -t**2 + 13*t - 7. What is the remainder when 63 is divided by y(5)?
30
Let c(a) = 518*a**2 + 5*a + 5. What is the remainder when c(-1) is divided by 5?
3
Suppose 5*d + 8*d - 169 = 0. Calculate the remainder when 22 is divided by d.
9
Let z(v) = v**3 - 8*v**2 + 6*v - 5. Let t be z(8). Let g = 73 - t. Calculate the remainder when 177 is divided by g.
27
Let w = -114 + 118. Let b be 2/((6/(-4))/(-3)). Let g(d) = 2*d**2 - 5*d + 2. Calculate the remainder when g(b) is divided by w.
2
Let b(m) = 345*m**3 - 5*m**2 + 21*m - 17. What is the remainder when b(1) is divided by 36?
20
Let s(z) = 4*z**2 - 23*z - 16. Calculate the remainder when s(8) is divided by 27.
2
Let y(z) = -21*z - 32. Calculate the remainder when y(-4) is divided by (-27)/(-1) + (0 - 0).
25
Let b(u) be the first derivative of -u**5/60 - u**4/24 + 2*u**3 + 1. Let i(a) be the third derivative of b(a). What is the remainder when i(-3) is divided by 2?
1
Let o(t) = t**2 + 2*t - 7. Let u be (5/2 + -2)*-2. Let n = u - -2. What is the remainder when o(2) is divided by n?
0
Let m = 164 + -157. Calculate the remainder when 26 is divided by m.
5
Suppose 17*a = 101 + 69. Calculate the remainder when 63 is divided by a.
3
Suppose -4*m - 23 + 115 = 0. Calculate the remainder when m is divided by 7.
2
Let z = -1058 - -1106. Let r be (-2 - -12)/(3 + -1). Suppose o - 3*m - 1 = 0, 0*m + 59 = 3*o + r*m. What is the remainder when z is divided by o?
9
Let o = -44 - -65. Let s(p) = p**2 + 5*p - 23. What is the remainder when s(9) is divided by o?
19
Suppose 0 = y + 26 + 31. Let t = y + 82. Calculate the remainder when t is divided by 15.
10
Suppose -a + 5*j = 4*a + 100, -127 = 5*a + 4*j. Let k = a - -37. What is the remainder when (-60)/8*(-44)/6 is divided by k?
13
Let w = -32 - -28. Suppose 0*y = y - 12. Let o = w + y. Calculate the remainder when o is divided by 3.
2
Suppose 0 = 2*k - 18 - 40. Let o(z) = z**3 + 21*z**2 + z + 17. Let g be o(-21). Let c(v) = -v**3 - v**2 + 8*v. What is the remainder when k is divided by c(g)?
13
Calculate the remainder when ((-62)/10 + (-11 - -16))*-85 is divided by 52.
50
What is the remainder when 45 is divided by 3/(-2)*(1 - 915/45)?
16
Let l(k) = k**3 + k**2 - k + 61. Calculate the remainder when l(0) is divided by 23.
15
Let g(a) = -2*a**2 + 24*a + 29. Calculate the remainder when 920 is divided by g(0).
21
Let x = -23 + -19. Calculate the remainder when ((-4)/6 + (-49)/x)*146 is divided by 15.
13
Let h = 481 - 445. What is the remainder when 104 is divided by h?
32
Suppose 4*m + 16 = 4*n, 0*n - 2*m = 2*n. Suppose n*l = q - 21, 4*q = 5*l + 21 + 48. What is the remainder when 42 is divided by q?
9
Let a(w) = -45 + 12 - 24*w + 17*w. What is the remainder when 47 is divided by a(-7)?
15
Suppose -19*o + 31*o - 2076 = 0. What is the remainder when o is divided by 59?
55
Suppose 6*w - 2*w = 28. Suppose -4*l + 12 = 5*o, -9 = 4*o + w. Calculate the remainder when 3 is divided by ((-81)/(-24) + -3)*l.
0
Suppose -2*j + 5 = -j. Suppose j*o = 3*o + 36. Let g = o - 15. Calculate the remainder when 8 is divided by g.
2
Suppose -3*m + 105 = 2*m. Let a = m + -18. Suppose 4*c = -a*v + 29, -4*c + 22 = -v + c. Calculate the remainder when 8 is divided by v.
2
Let m(r) = 9*r - 13. Let f be m(9). Suppose -65*q = -f*q + 45. What is the remainder when q is divided by 3?
0
Suppose 4*x - 2*k = 4 + 24, 3*k - 28 = -4*x. What is the remainder when 77 is divided by 4*(x + -2) - 0?
17
Let p(l) = l**2 - 3. Let d be 4/(2 - (-3)/(-2)). Calculate the remainder when p(d) is divided by 32.
29
Suppose 0 = 3*g - 9, -4*o = 3*g - 27 - 74. Calculate the remainder when o is divided by 3.
2
Let k be (1 - -4)*(-3 + 132/20). Suppose -2*u + 4*q + k = -6, 2*u + 4*q + 16 = 0. What is the remainder when (-4 + -1)*1/(-1) is divided by u?
1
Let k(n) = -4*n + 105. Let w be k(0). Let r = -95 + w. Let x = -26 - -52. What is the remainder when x is divided by r?
6
Let t be 1*0/(0 + -5). Let q be (t + -3)*6 + 2. Let l = q + 27. What is the remainder when 39 is divided by l?
6
Let g(h) = 3*h + 4. Suppose -3*p = -4*j - 43, -3*p - 7*j + 5*j = -1. What is the remainder when g(3) is divided by p?
3
Let b = -158 - -168. Let l(a) = -a**3 - 3*a**2 - 4*a - 5. Suppose 3*z + 10 = -2. Calculate the remainder when l(z) is divided by b.
7
Let u(m) = -m + 20. Let d(z) = z**2 + 16*z + 4. Let f be d(-16). What is the remainder when u(f) is divided by 10?
6
Let b be ((-7)/7)/(1/134). Let p = -111 - b. Calculate the remainder when p is divided by 13.
10
Calculate the remainder when 237 is divided by (-111)/(5 + -6) + 10.
116
Let c be (-2 + 1 - 0) + 9. Let w(a) be the second derivative of a**3 - 6*a**2 - 20*a. Calculate the remainder when w(c) is divided by 13.
10
Let a(u) = 8*u - 219. Calculate the remainder when 292 is divided by a(37).
61
Suppose -2*l = 5*i - 7*l - 100, 2*l = -i + 35. Let b(k) = k**2 - 5*k - 7. Suppose 5*t + 8 - 43 = 0. What is the remainder when i is divided by b(t)?
4
Let x(m) = 2*m**2 + 2*m - 6. Let c(n) = n**3 - 6*n**2 - 10*n + 5. What is the remainder when c(8) is divided by x(3)?
17
Let c be (42 + 1)*(2 + -1). Suppose c = 4*o + u, o - 18 = -o - 4*u. What is the remainder when 32 is divided by o?
10
Let r = 7 + 0. Suppose -4*i - 6 = -r*i. Suppose i = 3*z - 7. Calculate the remainder when z is divided by 2.
1
Let r = -175 - -325. Suppose -2*t - 10 = -r. What is the remainder when t is divided by 19?
13
Calculate the remainder when -1*(3 + 4) + 710 is divided by 64.
63
Let k = -13 - -35. Calculate the remainder when (-4)/(-10)*(-60)/(-72)*120 is divided by k.
18
Let l(b) = 15*b - 92. Calculate the remainder when l(16) is divided by 15.
13
Suppose 2*y = 9*y - 14. What is the remainder when y is divided by 1/(-2 + (-10)/(-4))?
0
Suppose 0 = u + 5*m - m - 7, -3*u = -3*m - 6. Suppose 2*n - u = 5. Suppose -n*r + 36 = -104. What is the remainder when r is divided by 19?
16
Let b(m) = -m**3 - 10*m**2 - 25*m - 17. Calculate the remainder when b(-10) is divided by 40.
33
Suppose -20*h + 3102 = 122. What is the remainder when h is divided by 17?
13
What is the remainder when -2 - (8925/68)/((-1)/4) is divided by 35?
33
Suppose 2*n = -5*h + 8 - 24, -4*n - 32 = -4*h. Suppose -3*v - 21 = -4*v. Let l = v + n. What is the remainder when 25 is divided by l?
12
Suppose x + 30 = 3*x. Suppose 0 = -3*u + 5*a + 45, -91 = -6*u + u + 3*a. Suppose -4*i = i - u. What is the remainder when x is divided by i?
3
Calculate the remainder when 185 is divided by 32/12*(3 - 21/(-2)).
5
Suppose 31*w - 35*w + 148 = 0. Calculate the remainder when w is divided by 10.
7
Suppose 4*k - 2*o = 9*k - 140, -k + 2*o = -28. Calculate the remainder when k is divided by 22.
6
Let d(z) = z**3 - 7*z**2 + 8*z. Let k be d(6). Suppose -13 = k*m - 277. What is the remainder when m is divided by 8?
6
Let x(l) = 4*l**2 - 2*l + 1. Let w be x(1). Let d be (w + (-5)/2)*194. Suppose -3*j - k = 2*j - d, -k + 2 = 0. Calculate the remainder when 35 is divided by j.
16
Let r(q) = q**3 - 14*q**2 + 8*q - 8. Let n(d) = d**3 - 13*d**2 + 8*d - 8. Let v(c) = -5*n(c) + 4*r(c). Calculate the remainder when 20 is divided by v(8).
4
Suppose -11*r + 1127 = -226. What is the remain